)/(-20)). Let w(c) = -c**3 + c**2 - 1. Let z(y) = -6*y**3 - y**2 - 5*y - 6. Let a(l) = 5*w(l) - z(l). Give a(n).
1
Let y(p) be the second derivative of p**3/6 + p**2/2 - 6*p. Give y(-4).
-3
Let j = 23 - 16. Let h(q) = -2 - 10 + 24*q + 4*q - j*q. Let d(b) = 5*b - 3. Let l(s) = 9*d(s) - 2*h(s). Calculate l(3).
6
Let j(b) = 2*b + 27. Let h be j(-13). Let z(q) = 23*q**2 - 1. Determine z(h).
22
Suppose -4*o + 12 = 4. Let f(y) = 2*y**3 - y**2 - 2*y - 1. Give f(o).
7
Let y(l) = 3*l - 62. Let b be y(21). Let n(j) = -16*j**2 + j - 1. Determine n(b).
-16
Let v(l) = 5*l - 73. Let o be v(15). Let a(q) = 4*q**2 - q - 2. Give a(o).
12
Let s(c) be the second derivative of c**4/12 - c**3/2 - 2*c**2 + 8*c. What is s(5)?
6
Let t(m) be the third derivative of m**6/120 - m**5/15 - 5*m**4/24 - m**3/6 - 12*m**2. What is t(5)?
-1
Let y(q) = 8*q**2 + q - 1. Let b(t) = -17*t**2 - 2*t + 2. Let g(o) = 2*b(o) + 5*y(o). Let s be g(1). Let j(x) = -x**3 + 6*x**2 - 2*x + 8. Give j(s).
-4
Let i be (-9 - 0) + 5 + -2. Let w = -9 - i. Let x be 4*2/8*w. Let d(t) = t**2 + 2*t + 4. Calculate d(x).
7
Let k(x) = x**2 + 3*x - 4. Let q = -10 + 9. Let i be q*(-4 + 2 + 7). Determine k(i).
6
Let u(b) = -b**3 + 9*b**2 + 4*b + 8. Let f(c) = -2*c**3 + 10*c**2 + 5*c + 7. Let w(p) = -2*f(p) + 3*u(p). What is w(-7)?
-4
Let g(d) = -d**2 + 4*d - 5. Let c(k) = -k**2 + 5*k - 6. Let m(f) = 6*c(f) - 5*g(f). Calculate m(9).
-2
Suppose -4 = -v + 2. Let o(n) = -n**3 + 7*n**2 - 7*n + 6. What is o(v)?
0
Suppose 2*z = -4*o - 12, -2*o + 4 = -3*o. Let k(l) = -l**3 - 2*l**3 + 4*l + 2*l**3 - l**z. What is k(-3)?
6
Let b be 3 + (2 - 2) - -2. Suppose 4*f - b*u - 37 = 8, -2*u = 2*f. Let s(o) be the first derivative of -o**3/3 + 7*o**2/2 - 3*o + 1. Determine s(f).
7
Let q(a) = a**2 - 3*a - 5. Let n be q(5). Let x(h) = h**2 - 5. Let y be x(n). Let s be (-88)/y - (-6)/(-10). Let w(c) = c**2 + 6*c - 2. What is w(s)?
-7
Let t be (0/(2 - 1))/2. Let y(v) be the third derivative of -v**4/24 - v**3 + 40*v**2. What is y(t)?
-6
Let m(z) = z**3 + 3*z**2 + z - 3. Let c(i) = i**3 + 4*i**2 + i - 3. Let a(s) = -3*c(s) + 4*m(s). Calculate a(0).
-3
Let i = -19 - -11. Let y = i - -7. Let h(t) = 5*t**2. Give h(y).
5
Let w(z) be the first derivative of z**2/2 + z - 11. Determine w(-5).
-4
Let l(t) = t**3 + 4*t**2 - t - 2. Let i be (-27)/(-2)*(-4)/(-6). Suppose -k + i = -4*k. Determine l(k).
10
Let a = 7 - 5. Suppose 2*o = 5*w - 7 - a, -3*o + 15 = 2*w. Let v(x) = -x**2 + 2*x - 2. Calculate v(o).
-5
Let r(v) = 9*v - 2. Let u be r(1). Let z(h) = h. Calculate z(u).
7
Let z(t) = 4*t + t**2 + 10*t**2 + 2 - 12*t**2. Determine z(3).
5
Let a(l) = l**3 - 2*l**2 + l. Let p(r) = r - 1. Let k be p(-5). Let z be k*(0 - 3/9). Determine a(z).
2
Let r be (-6 + 7)*(1 - -1). Let f(q) = -4*q**3 - 1 + 3*q**3 - r - 3*q**2 + 1. What is f(-3)?
-2
Let j(x) be the second derivative of -x**7/840 - x**6/90 - x**5/40 - x**4/12 - x**3/6 - x. Let h(d) be the second derivative of j(d). Determine h(-3).
-2
Let g(q) = q**2 + q + 5 + 2 + 0*q. Suppose -2*c + 22 = 5*z, -3*z + 3 = -5*c - 4. Let t(k) = k**3 - 3*k**2 - 5*k + 4. Let j be t(z). Determine g(j).
7
Let o(t) = -t**3 - 9*t**2 - 8*t + 10. Let l be (-30)/(-8) - 30/40 - 11. Determine o(l).
10
Suppose 23*n - 24*n = 1. Let z(b) = -b. What is z(n)?
1
Let b(x) = -x**3 + 5*x**2 - 5*x. Let z(i) = -2*i**3 - 2*i**2 + 2*i + 2. Let m be z(-2). Let l = m - 2. Let q be b(l). Let w(p) = p**2 + 4*p - 1. Determine w(q).
-1
Let h(o) = o. Let r(j) = 2*j**2 + 6*j - 3. Let p be r(-5). Let l be (3 + p)*(-2)/(-4). Suppose 3*v - l = -2*v. Determine h(v).
2
Let i(y) = -y**2 - 11*y - 9. Let l(z) = z**2 + 10*z + 8. Let m(c) = -5*i(c) - 6*l(c). Suppose -98*j + 102*j + 16 = 0. Calculate m(j).
1
Let s(j) = -j**2 + 4*j + 7. Let g be s(5). Let i(a) = 0 - 4*a**2 - 6*a + 7 + 5*a**g. Let m be (-1 + 16)*(-1)/(-3). Determine i(m).
2
Let p(a) be the first derivative of -a**2 + 3*a + 23. Suppose -3*d - 4 = -2*d. Calculate p(d).
11
Let p(k) = 5*k**3 - k + 4*k - 6 - 6*k**3 - 4*k**2. Let w = 6 + -11. Calculate p(w).
4
Let r be (-1 - -2 - 1) + (5 - 2). Let z(j) = -2*j + 0 + 4*j - 1. Give z(r).
5
Let y(c) = -c**2 + 30*c - 6 - 56*c + 31*c. Give y(5).
-6
Let d(i) = 5*i**2 + 2*i. Let m(k) = 9*k**2 + 4*k. Let q(v) = -7*d(v) + 4*m(v). Let y be ((-8)/10)/((-4)/(-10)). What is q(y)?
0
Let s(f) = -f**3 + 2*f + 3. Suppose 3*z + 3 + 9 = 3*g, 4 = z + 3*g. Calculate s(z).
7
Suppose 0 = -2*q + 8 - 2. Let r(m) = -1 - q*m - 4 - 2 + 3. Determine r(-4).
8
Let l(i) = -4 + 6*i - 6*i - 2*i. Suppose 10*q - 6*q = -20. Calculate l(q).
6
Let b(s) = s**2 + 5*s. Let p be 0 - (10/2 + 0). Calculate b(p).
0
Let g be 0 + 1/((-5)/15). Let i(u) = u**2 + 3*u - 3. Give i(g).
-3
Let p(f) = f**2 + 7*f + 9. Let o be p(-6). Let q(n) = -n**o + 0*n - n + 3*n + 0*n + 1. What is q(-2)?
5
Let f be (-4)/(-8) + (-18)/(-4). Suppose p + 12 = 3*a, -3*a + f*p = 2 - 14. Suppose y + 7 = o - 0*y, 7 = -a*o - 3*y. Let m(u) = 4*u - 2. Give m(o).
6
Let p(c) = 95*c**2 - 43*c**2 - 51*c**2 + c. Calculate p(2).
6
Let q(j) = -4*j - 1. Let l be ((-8)/(-6) - 1)*(-9)/(-3). Calculate q(l).
-5
Let i(n) be the first derivative of n**2 - 4. Give i(3).
6
Let t(f) be the second derivative of f**3/3 - f**2/2 + 21*f. Calculate t(-5).
-11
Let x(h) = -h**2 + 4*h + 6. Suppose -1 = -j + 8. Let k be (7/2 - -1) + (-1)/2. Suppose -k*f + u + 11 = -f, 5*f = 4*u + j. Calculate x(f).
1
Let s(d) = -d**2 - 5. Let t be s(0). Let f(b) = -b**2 - 5*b - 5. Let g(k) = -k**2 - 6*k - 5. Let q(z) = -2*f(z) + 3*g(z). Determine q(t).
10
Let y(c) = -c + 4. Suppose 2 = -0*j + 2*j. Let k(a) = -a**2 + 5*a - 3. Let q be k(4). Let h be (1 - -2*q)*j. Determine y(h).
1
Let t(k) = 0*k**2 - 7*k**2 + 0*k**2. Let z(f) be the second derivative of f**4/12 + f**3/3 + f**2/2 + 3*f. Let j be z(-2). What is t(j)?
-7
Let z(t) = -t**3 - 7*t**2 - 8*t - 6. Suppose -k + 0 = -5*y - 4, -16 = 4*k - 4*y. What is z(k)?
6
Let v = -9 - -13. Let i(k) be the first derivative of 2 + 1/2*k**2 - v*k. What is i(3)?
-1
Let h(f) = -11*f - 23. Let t(v) = -7*v - 15. Let c(m) = 5*h(m) - 8*t(m). Calculate c(0).
5
Let a(m) = -m**3 + 7. Let z(x) = -2*x**3 + 3*x + 2. Let c be z(-2). Let v(d) be the third derivative of -d**5/60 + d**4/2 - 2*d**2. Let n be v(c). What is a(n)?
7
Let k(g) = -5*g**3 - g**2 + 7*g + 3. Let n(i) be the third derivative of -i**6/20 + 7*i**4/24 + 2*i**3/3 + 2*i**2. Let f(y) = 5*k(y) - 4*n(y). What is f(-6)?
-7
Let h be 1/((-2)/(-1) - (-77)/(-33)). Let l(s) = s + 6. Calculate l(h).
3
Let l(c) = -2*c + 5. Let k(v) = 4*v - 9. Let g(a) = 4*k(a) + 9*l(a). Determine g(6).
-3
Let w(h) be the third derivative of 0*h**3 + 1/24*h**4 + 1/240*h**6 + 0 + 0*h + h**2 + 1/20*h**5. Let k(z) be the second derivative of w(z). Give k(-5).
-9
Let p(i) = i + 3. Let o be (3 + -5)/(3 + -1). Let f = o - -7. Determine p(f).
9
Let b(l) = -l**2 + 8*l - 3. Suppose -1 = -5*g + 3*z + 2, -2*z = -4*g + 4. What is b(g)?
12
Let g = 20 - 30. Let y(w) = w**2 + 10*w - 1. What is y(g)?
-1
Suppose -7*c = -5*c - 8. Suppose 0 = 3*y + 2*w + 2*w + 14, -y - 2*w = 8. Let d(u) = 8*u - 2*u**2 + u**y - 2*u. What is d(c)?
8
Suppose -x - 2*t + 17 = 0, -3*x = -2*x + t - 12. Let v = 2 - -4. Let s = v - x. Let k(b) = -8*b. Give k(s).
8
Let n(w) = 5*w**2 - w - 1. Let l(u) = 14*u**2 - 3*u - 3. Let d(q) = 2*l(q) - 7*n(q). Calculate d(-1).
-7
Let d(c) = 3*c + 1. Let h(u) = -u**3 - 4*u**2 - u - 2. Let k be h(-4). Suppose -k*t - 6 = -5*t. What is d(t)?
7
Let s(k) be the second derivative of -3*k**5/4 + k**3/6 - k**2/2 + 11*k. Calculate s(1).
-15
Let c = -3 + 5. Let t(a) = -a**3 - 4*a**2 - c*a + 1 - 1. Let h be ((-2)/(-5))/((-1)/5). Give t(h).
-4
Let t = 11 - 4. Let w(a) = a - 1. Calculate w(t).
6
Let o(d) be the first derivative of 0*d + 1 + 1/2*d**2 + 1/60*d**5 - 5/3*d**3 + 0*d**4. Let l(c) be the second derivative of o(c). Determine l(0).
-10
Let o(g) = g**3 - 9*g**2 + 6*g + 9. Let d = 6 - -2. Calculate o(d).
-7
Suppose -n - 4*n = -15. Let x(f) = 2 - f - 3*f**n + 2*f**3 + 2*f + 3*f**2. Determine x(3).
5
Let q(h) = 8*h. Let m = -29 - -27. Give q(m).
-16
Let x(p) = -p**3 - p**2 - p + 5. Let z = -29 - -41. Let j be 13/(-6) + 2/z. Let b = j + 2. Calculate x(b).
5
Let i(q) = -5 - 13*q + 1 - 2*q**3 + 1 - 4 - 15*q**2. Let c(x) = -x**3 - 8*x**2 - 7*x - 4. Let y(z) = -5*c(z) + 3*i(z). What is y(-4)?
-1
Suppose -c = p - 3, -2*c + 4*p